= -2*q + 4*r, -4*q - 10 = -2*r. Suppose q = -3*w - w. Let g(l) = l + 439. Is g(w) prime?
True
Let q = -5496 + 18521. Let n(c) = -c**2 + c + 6. Let f be n(-2). Suppose -2*y - 3*y + q = f. Is y a composite number?
True
Is 11038293/18*(0 - 20/(-70)) prime?
True
Let p(h) = -808*h**3 + 15*h**2 - 36*h + 135. Is p(-16) prime?
True
Let f(j) = 605*j + 56. Let q(p) = 601*p + 58. Let c(g) = 6*f(g) - 5*q(g). Is c(21) a composite number?
False
Suppose 0*f = 3*y - f - 10, 0 = -5*y - f + 30. Suppose 0 = y*a - 2*u - 4, 0 = u + 4 - 2. Suppose 0 = 4*g - 3*c - 2155, a*g - c = -g + 538. Is g composite?
False
Let t(f) = -1627*f - 100. Let j be 517/77 + -7 + 103/(-7). Is t(j) a prime number?
False
Suppose -3*s + 1504 = -2*s. Suppose 2*v + 1968 = u, 4*v - 3*u + 2949 = v. Let l = s + v. Is l a composite number?
True
Let h = -38982 - -68509. Is h prime?
True
Let f be 96616/36 + 22/99. Suppose 0 = 2*o - y - f - 41, 0 = -o - 4*y + 1349. Is o prime?
True
Let v = 1840 - 1292. Let r = v + 2. Let l = r + -171. Is l prime?
True
Suppose -11*u + 28074492 = 97*u. Is u prime?
True
Let p = 2498 + -2488. Suppose -1100 = -3*v - v. Suppose v = p*h - 5*h. Is h composite?
True
Let s(w) = 36*w**2 - 3*w - 54. Let g be s(11). Suppose -4*x + g = 5*z, 3*z - 664 = -x + 412. Is x a prime number?
True
Suppose -10*n + 5*n + 4*a = -14409, -4*n - 3*a + 11552 = 0. Let k = -462 + n. Is k composite?
False
Suppose 123549351 = 235*z + 3218306. Is z composite?
False
Suppose h + 125833 = 4*f + 326, 2*f - 62803 = -5*h. Is f a composite number?
False
Suppose s - 41 = o + o, 0 = 5*o - 3*s + 102. Is 2019/(-1)*o/9 a prime number?
False
Suppose 153 = p - 87020. Is p prime?
False
Suppose -12633 = -2*j + 43565. Is j a composite number?
False
Let z be ((-557)/(-2))/(-2 - (-52)/24). Suppose -4*d + z - 667 = 0. Is d prime?
True
Let f(k) = k**3 + 2*k**2 - 1. Let l be f(-2). Let v(o) = -792*o**3 - o - 2. Let y be v(l). Suppose -5*r = -4*r - y. Is r prime?
False
Suppose -252*t = -248*t + 54420. Is 2*(t/(-2))/3 a composite number?
True
Let b(a) = -a**2 - 7*a - 10. Let s be b(-4). Suppose s*r - 4 - 8 = 0. Is (-33)/(-22)*1948/r a prime number?
True
Let m be (-30)/(-2)*(-9)/(-27). Suppose m*d + 6450 = 4*t, -2*d = -d - 4*t + 1306. Let s = d + 2239. Is s composite?
False
Suppose 2*z - 3*n - 1 = -2*n, -5*z = -5*n + 5. Suppose 4 = t, z*q + t - 1 = 9. Suppose 3*f + 0*a = q*a + 312, -4*a + 456 = 4*f. Is f a composite number?
False
Let b = -320 - -298. Let y(i) = -7*i + 63. Is y(b) composite?
True
Let x be -4*-745*8/(-160). Let c = -677 - -211. Let z = x - c. Is z a prime number?
True
Let w = -829211 + 1557948. Is w prime?
False
Let y(z) = -687*z + 13. Suppose 12 = 2*n + 2. Suppose -5*d + 1 = -4*w - 0, -n*w - 5*d - 35 = 0. Is y(w) a composite number?
True
Let t(a) = 46*a**3 - 8*a**2 + 50*a + 2. Let g(l) = -48*l**3 + 7*l**2 - 51*l - 1. Let r(x) = 3*g(x) + 2*t(x). Is r(-9) a prime number?
True
Suppose 3 = f - c, 6*f = 9*f - 4*c - 8. Suppose 0 = f*m - x - 27, 2*m - x - 6 = 7. Is m a prime number?
True
Let r be (-160227)/(-228) + 1*(-2)/(-8). Suppose -11*j + r = -232. Is j a prime number?
False
Let p(n) = -3165*n - 203. Is p(-4) a prime number?
True
Suppose -50*y + 38*y = -87396. Is y composite?
False
Let n be (1*-6)/((-22)/(-6) + -4). Suppose 2*i + 16 = n. Is (18/12 - i) + (-933)/(-2) composite?
False
Suppose -8*y - 44 = -19*y. Suppose -8795 - 5657 = -y*o. Is o a prime number?
True
Let m = 714149 - -617114. Is m a prime number?
False
Let t be 64/11 + (-8)/(-44). Let k = 11 - t. Suppose 1475 = k*h - 5*p, -10 = p + 4*p. Is h prime?
True
Let z(a) = 818 + 173 + 40*a - 30*a - 122. Is z(0) composite?
True
Suppose 6 = -6*s + 4*s. Let g be -1689*((-5)/6 + s/6). Is 4/(-6) + g/12 composite?
True
Let h be (206/(-8))/(9*1/72). Let r = h + 367. Is r a composite number?
True
Is (-1596010)/52*((-16)/20)/2 a prime number?
True
Suppose -2 + 2 = -2*a. Suppose a = -5*x + 7 + 13. Suppose 2528 = x*r + 4*h, 0 = 5*r + 7*h - 10*h - 3176. Is r a composite number?
True
Suppose 2*s + 13246 + 49010 = -2*q, 0 = 2*q - 5*s + 62263. Is 5/(217896/q + 7) a composite number?
True
Suppose -8 = -2*s, -x + 132059 = 74*s - 76*s. Is x prime?
False
Let v be 2*-1 - (-1)/(8/(-86992)). Let z = 4551 - v. Is z a prime number?
True
Suppose 15*j = -15*j - 300. Is 1/j + 8107099/890 a prime number?
True
Let z be ((-4)/(-18))/(2 + (-35)/18). Suppose 2*x - 8390 = -z*n, -3*x + 13344 = n + 744. Is x prime?
True
Let u(m) = 4*m**3 + 12*m**2 - 6*m + 6. Let t be u(8). Suppose 5*s - s = -2*g + 16138, 5*s - g - 20162 = 0. Let i = s - t. Is i composite?
False
Let x = -275334 + 402601. Is x composite?
True
Let o(k) = -2*k**3 - 8*k**2 + 19*k + 13. Suppose 15*w - 25*w = 80. Is o(w) a composite number?
False
Let o(g) = -g**3 + 22*g**2 + 42*g - 8. Let r be o(22). Let d be -4*(r/(-16) + -3). Let f = 58 + d. Is f prime?
False
Let p = -371590 - -544748. Is p composite?
True
Let s = -189 - -208. Suppose -s*j = -25*j + 77346. Is j composite?
True
Is (-542 + 4)/((-124)/40858) prime?
False
Let t(l) = 8*l - 85. Let w be t(11). Suppose 0 = -w*g - g - 4*m + 836, -4*g + 5*m + 854 = 0. Is g a composite number?
False
Let z = 976196 - 688069. Is z a prime number?
False
Suppose -22*q + 14236579 - 4407109 = 188*q. Is q prime?
True
Let q(j) = 12*j**3 + 2*j - 1. Let b be q(1). Let d(c) be the second derivative of c**5/20 - c**4 + 7*c**3/6 - c**2/2 + 24*c - 2. Is d(b) prime?
False
Suppose -2*v + 24 = 2*v, -3*v + 661112 = 2*z. Is z a prime number?
False
Suppose 22381973 = 37*c + 28*c - 19689992. Is c prime?
True
Suppose 4*m - 4*k + 16 = 0, -3*m + 152*k = 151*k + 4. Let q be 1 + 1*2/2. Suppose -u = 4*g - 193, 3*u + q*g + g - 606 = m. Is u prime?
False
Suppose 19*a - 20*a - 2*i + 95419 = 0, -20 = 4*i. Is a a prime number?
True
Let f(t) = t**2 + 6*t + 18. Let r be f(-22). Let z = -1052 + r. Is ((-2)/4)/(1/z) composite?
True
Suppose -4*u - t + 47704 = 16820, -5*u - t = -38605. Is u prime?
False
Suppose 154 = 9*y + 136. Suppose -2*b - 4*r + 6006 = 0, 4*r = y*r + 8. Is b a prime number?
False
Suppose -2*l + 58*f + 41996 = 63*f, 0 = -3*l + 3*f + 62973. Is l prime?
False
Suppose -s = y + 3, -y = -6*y - s - 7. Is (3 - 4) + (-8890)/(y + -4) a composite number?
False
Let w be (42/63)/(2/939). Suppose 30 = 2*o - 18. Let y = w - o. Is y a composite number?
True
Let j be (6/(-10) + 39/(-10))*-2. Suppose 0 = -4*x + j*x - 635. Is x composite?
False
Let j = -7010 + 30541. Is j prime?
True
Let l(c) = -24*c**2 + 19 - 7*c + 3*c**3 + 59*c**2 - 29*c**2. Let d(q) = -q + 3. Let x be d(-5). Is l(x) a composite number?
True
Suppose 109*l - 433408 = -69*l - 78*l. Is l prime?
True
Let s(j) = 256*j - 3. Let k be ((-3)/(-5))/(5/25). Suppose -3*o + 5 = t - k, 0 = -o + 4*t - 6. Is s(o) a composite number?
False
Suppose 19*a + y = 22*a - 60, 2*a + 3*y = 51. Suppose 0 = -a*u + 54633 + 25020. Is u a prime number?
True
Suppose -10*l + 172329 = 41*l. Suppose l = 2*k - 1479. Is k a prime number?
False
Suppose -d + 2*u + 0*u = -14, -2*u - 6 = 0. Suppose -d*y + 51 - 3 = 0. Suppose -5*w = 2*b - 4088, -11*b = -y*b + 3*w - 10201. Is b a composite number?
False
Let t = -32738 - -67807. Is t prime?
True
Let a(l) = l**3 + 51*l**2 + 49*l + 11. Is a(-8) a composite number?
False
Suppose 0 = 2*q - 2*z - 0*z - 64, -4*z + 12 = 0. Let y be (-19)/6 + (q/(-30))/(-7). Is (y + 57/9)/((-4)/(-1194)) composite?
True
Let o(s) = 13*s**3 - 6*s**2 + 5*s + 7. Suppose 3*f = -5*j + 23, -7*j = -3*j + 3*f - 16. Let b be (81/21 - 3)*j. Is o(b) composite?
True
Is (-423680)/(-24) + 5 - (30/9 + -2) a prime number?
True
Let i(v) be the first derivative of v**4/4 - 2*v**3/3 + 3*v**2 + 29*v + 1. Is i(16) composite?
False
Suppose l - 3*g - 1 = 0, 2*l + 2*l + 2*g - 32 = 0. Let n be 0 + 2/(-4) - l/(-2). Suppose 5*x - v - 3932 = 0, -5*x - v + 1577 = -n*x. Is x a composite number?
False
Is (-1)/((-20)/(-629728540)*-7) a prime number?
True
Suppose 0 = -2*b + 4*b + 18. Let l be b + ((-3)/(3 + -6))/1. Is -5218*((-28)/l)/(-7) a composite number?
False
Suppose 9*k - 2*o = 10*k, -o = 3*k - 10. Is 2281/(-2*(8 - k)/(-8)) a prime number?
True
Let l = 100037 - 21160. Is l prime?
True
Let b(j) = 18 + 6*j**2 - 118*j**3 - 3*j + 0 + 340*j**3 + 4*j. Is b(5) a composite number?
True
Let n(l) be the third derivative of 0 - 133/24*l**4 + 0*l + 39*l**2 + 31/6*l**3. Is n(-6) prime?
True
Suppose 1712004 = -1